he prime factors of 277018280.
2, 5, 7, 11, 53, 1697
What are the prime factors of 598166920?
2, 5, 13, 233, 4937
List the prime factors of 71178612.
2, 3, 181, 32771
What are the prime factors of 2807235629?
11, 23, 107, 103699
List the prime factors of 143521844.
2, 35880461
What are the prime factors of 74878108?
2, 1987, 9421
What are the prime factors of 1136442625?
5, 9091541
List the prime factors of 50192036.
2, 41, 306049
List the prime factors of 69357242.
2, 47, 737843
What are the prime factors of 515433708?
2, 3, 14317603
List the prime factors of 509283073.
13, 139, 281839
What are the prime factors of 103076715?
3, 5, 7, 981683
List the prime factors of 93938345.
5, 17, 1105157
List the prime factors of 18304909.
7, 2614987
What are the prime factors of 2739000569?
2141, 1279309
What are the prime factors of 209842007?
31, 727, 9311
What are the prime factors of 310420426?
2, 155210213
List the prime factors of 1111164358.
2, 555582179
List the prime factors of 3359444226.
2, 3, 19, 929, 31721
List the prime factors of 1249849.
1249849
What are the prime factors of 703867597?
19, 23, 1610681
What are the prime factors of 7175782892?
2, 17, 105526219
List the prime factors of 1633353879.
3, 313, 1739461
What are the prime factors of 1969485659?
1969485659
What are the prime factors of 195741272?
2, 24467659
What are the prime factors of 38606025?
3, 5, 514747
What are the prime factors of 169352885?
5, 13, 37, 67, 1051
List the prime factors of 237057052.
2, 7253, 8171
What are the prime factors of 1518573368?
2, 13, 14601667
What are the prime factors of 47819178?
2, 3, 11, 241511
What are the prime factors of 2548638870?
2, 3, 5, 84954629
What are the prime factors of 15152002?
2, 1063, 7127
What are the prime factors of 408858210?
2, 3, 5, 1697, 2677
List the prime factors of 1615775655.
3, 5, 13, 8286029
What are the prime factors of 243020538?
2, 3, 13501141
List the prime factors of 2640868572.
2, 3, 71, 593, 5227
List the prime factors of 607725369.
3, 47, 478901
List the prime factors of 76219764.
2, 3, 431, 14737
What are the prime factors of 171727544?
2, 349, 61507
List the prime factors of 25298801.
11, 419, 499
List the prime factors of 15649947.
3, 31, 56093
List the prime factors of 1485404147.
23, 64582789
List the prime factors of 377408864.
2, 7, 1684861
What are the prime factors of 182384368?
2, 73, 156151
List the prime factors of 124905697.
7, 29, 615299
What are the prime factors of 2584178600?
2, 5, 19, 31, 21937
What are the prime factors of 207936728?
2, 29, 241, 3719
List the prime factors of 385905185.
5, 17, 4540061
List the prime factors of 290323986.
2, 3, 23, 2103797
What are the prime factors of 12677010?
2, 3, 5, 422567
List the prime factors of 12230458.
2, 6115229
What are the prime factors of 1522260424?
2, 12073, 15761
List the prime factors of 213822973.
7, 13, 23, 102161
What are the prime factors of 27517008?
2, 3, 163, 3517
List the prime factors of 103253817.
3, 163, 211153
List the prime factors of 104079038.
2, 7, 1062031
What are the prime factors of 45812279?
271, 169049
What are the prime factors of 6062811995?
5, 1212562399
List the prime factors of 2877074370.
2, 3, 5, 23, 463297
What are the prime factors of 5087911436?
2, 17, 74822227
What are the prime factors of 90709048?
2, 281, 40351
List the prime factors of 125318956.
2, 7, 97, 46141
List the prime factors of 190474538.
2, 59, 1614191
What are the prime factors of 2101878517?
2101878517
List the prime factors of 159154398.
2, 3, 13, 113, 463
List the prime factors of 3594460364.
2, 11, 157, 47303
What are the prime factors of 1131458352?
2, 3, 23572049
List the prime factors of 1034502132.
2, 3, 293, 294227
What are the prime factors of 6593575543?
6593575543
List the prime factors of 2032582139.
7, 853, 340409
List the prime factors of 465366897.
3, 73, 236107
What are the prime factors of 1054605886?
2, 397, 1328219
List the prime factors of 1423516988.
2, 3823, 93089
List the prime factors of 39313289.
2953, 13313
List the prime factors of 480593246.
2, 7, 34328089
What are the prime factors of 30736748?
2, 7, 17, 31, 2083
List the prime factors of 77224328.
2, 37, 260893
List the prime factors of 91122302.
2, 45561151
What are the prime factors of 119377368?
2, 3, 11, 47, 1069
What are the prime factors of 42539295?
3, 5, 59, 71, 677
What are the prime factors of 151768604?
2, 13, 1051, 2777
List the prime factors of 290860541.
79, 383, 9613
What are the prime factors of 7772318410?
2, 5, 19, 40906939
List the prime factors of 779748276.
2, 3, 2777, 23399
What are the prime factors of 394071340?
2, 5, 13, 307, 4937
What are the prime factors of 50923846?
2, 1303, 19541
List the prime factors of 25909798.
2, 967, 13397
What are the prime factors of 1098453978?
2, 3, 61025221
What are the prime factors of 32977539?
3, 7, 74779
List the prime factors of 556724822.
2, 827, 336593
List the prime factors of 1911296.
2, 3733
What are the prime factors of 423179829?
3, 23, 681449
What are the prime factors of 19030225?
5, 17, 44777
What are the prime factors of 1886120102?
2, 79, 11937469
What are the prime factors of 685511486?
2, 11, 241, 129293
What are the prime factors of 24173353?
43, 53, 10607
What are the prime factors of 2124354?
2, 3, 17, 59, 353
What are the prime factors of 61778827?
11, 149, 37693
What are the prime factors of 28035899?
37, 757727
What are the prime factors of 77351761?
77351761
List the prime factors of 1454470607.
1454470607
What are the prime factors of 1605221806?
2, 251, 739, 4327
List the prime factors of 1133166159.
3, 41, 239, 4283
What are the prime factors of 39285925?
5, 7, 224491
What are the prime factors of 1350274031?
271, 359, 13879
List the prime factors of 10288145.
5, 7, 17, 17291
List the prime factors of 49336419.
3, 11, 135913
List the prime factors of 36074580.
2, 3, 5, 23, 26141
List the prime factors of 743657562.
2, 3, 41314309
List the prime factors of 44177042.
2, 7, 13, 242731
What are the prime factors of 1784587121?
17, 104975713
What are the prime factors of 127420793?
127420793
List the prime factors of 1443133401.
3, 8167, 58901
List the prime factors of 193515949.
11, 17592359
What are the prime factors of 79337314?
2, 7, 5666951
What are the prime factors of 2005465907?
2005465907
What are the prime factors of 43858231?
43858231
List the prime factors of 1576350811.
7, 225192973
List the prime factors of 7815637.
43, 181759
List the prime factors of 697600248.
2, 3, 67, 463, 937
What are the prime factors of 874823670?
2, 3, 5, 7, 919, 1511
What are the prime factors of 16595552?
2, 518611
List the prime factors of 579669581.
2957, 196033
List the prime factors of 11817686.
2, 17, 347579
List the prime factors of 808092491.
127, 1801, 3533
What are the prime factors of 69561013?
69561013
What are the prime factors of 67425961?
17, 31, 97, 1319
List the prime factors of 588997068.
2, 3, 11, 4462099
List the prime factors of 29239441.
7, 11, 43, 8831
What are the prime factors of 38736310?
2, 5, 3873631
List the prime factors of 1315462899.
3, 438487633
List the prime factors of 18433141.
37, 131, 3803
What are the prime factors of 3615787978?
2, 11, 59, 709, 3929
What are the prime factors of 303021090?
2, 3, 5, 17, 23, 79, 109
What are the prime factors of 198245359?
13, 2083, 7321
What are the prime factors of 1324955750?
2, 5, 5299823
List the prime factors of 29198620.
2, 5, 11, 132721
What are the prime factors of 147245982?
2, 3, 13, 145213
What are the prime factors of 62380037?
107, 571, 1021
What are the prime factors of 317480319?
3, 13, 2713507
List the prime factors of 1180427055.
3, 5, 78695137
List the prime factors of 986349448.
2, 7, 17613383
What are the prime factors of 196927720?
2, 5, 11, 73, 6131
List the prime factors of 7502755615.
5, 34171, 43913
What are the prime factors of 46497574?
2, 409, 56843
What are the prime factors of 301915280?
2, 5, 3773941
List the prime factors of 842985030.
2, 3, 5, 28099501
List the prime factors of 27259312.
2, 1703707
What are the prime factors of 215026179?
3, 71675393
List the prime factors of 1047423282.
2, 3, 733, 238159
What are the prime factors of 17709748?
2, 7, 19, 33289
What are the prime 